{"id":22118,"date":"2023-05-22T10:07:39","date_gmt":"2023-05-22T10:07:39","guid":{"rendered":"https:\/\/pofo.themezaa.com\/?page_id=5560"},"modified":"2024-06-08T16:50:57","modified_gmt":"2024-06-08T16:50:57","slug":"sobre-nos","status":"publish","type":"page","link":"https:\/\/avocadocreativestudio.pt\/?page_id=22118","title":{"rendered":"Sobre N\u00f3s"},"content":{"rendered":"<div class=\"wpb-content-wrapper\"><section class=\"vc_row wpb_row vc_row-fluid   wow fadeIn\"><div class=\"wpb_column vc_column_container vc_col-sm-12 vc_col-md-4 vc_col-xs-12 wow fadeInRight sm-text-center pofo-column-responsive-6a046c7e08387\"><div class=\"vc_column-inner \"><div class=\"wpb_wrapper\"><h5 class=\"text-extra-dark-gray margin-20px-bottom font-weight-600 display-inline-block alt-font heading-style2  vc_custom_1684935255333  heading-1\" >A nossa cultura...<\/h5><\/div><\/div><\/div><div class=\"wpb_column vc_column_container vc_col-sm-6 vc_col-md-4 vc_col-xs-12 wow fadeInRight sm-text-center pofo-column-responsive-6a046c7e084e6\" data-wow-delay= 200ms><div class=\"vc_column-inner \"><div class=\"wpb_wrapper\"><div class=\"featurebox30 pofo-featurebox featurebox30-1\" ><div class=\"col-md-3 text-center xs-no-padding-lr\"><h2 class=\"text-light-gray alt-font letter-spacing-minus-3 no-margin-bottom sm-margin-10px-bottom\" style=\"\">01<\/h2><\/div><div class=\"col-md-9 margin-5px-top xs-no-padding-lr\"><span class=\"alt-font text-medium text-extra-dark-gray margin-5px-bottom display-block\">Inovar<\/span><div class=\"width-80 md-width-100 last-paragraph-no-margin\"><p>Nunca abdicamos do conhecimento e novas t\u00e9cnicas nos nossos projetos.<\/p>\n<\/div><\/div><\/div><\/div><\/div><\/div><div class=\"wpb_column vc_column_container vc_col-sm-6 vc_col-md-4 vc_col-xs-12 wow fadeInRight sm-text-center\" data-wow-delay= 400ms><div class=\"vc_column-inner \"><div class=\"wpb_wrapper\"><div class=\"featurebox30 pofo-featurebox featurebox30-2\" ><div class=\"col-md-3 text-center xs-no-padding-lr\"><h2 class=\"text-light-gray alt-font letter-spacing-minus-3 no-margin-bottom sm-margin-10px-bottom\" style=\"\">02<\/h2><\/div><div class=\"col-md-9 margin-5px-top xs-no-padding-lr\"><span class=\"alt-font text-medium text-extra-dark-gray margin-5px-bottom display-block\">Potencializar<\/span><div class=\"width-80 md-width-100 last-paragraph-no-margin\"><p>Criatividade, inspira\u00e7\u00e3o e objetivo! 3 Pilares importantes no nosso trabalho.<\/p>\n<\/div><\/div><\/div><\/div><\/div><\/div><\/section><section id=\"about\" data-vc-full-width=\"true\" data-vc-full-width-init=\"false\" data-vc-stretch-content=\"true\" class=\"vc_row wpb_row vc_row-fluid  vc_custom_1507552706008 wow fadeIn pofo-stretch-content vc_row-o-equal-height vc_row-o-content-middle vc_row-flex\"><div class=\"wpb_column vc_column_container vc_col-has-fill vc_col-sm-6 vc_col-lg-4 vc_col-xs-12 wow fadeIn\"><div class=\"vc_column-inner vc_custom_1502960112182\"><div class=\"wpb_wrapper\"><div class=\"vc_row wpb_row vc_inner vc_row-fluid  vc_custom_1509689318815 pofo-inner-row-responsive-6a046c7e08aa7\"><div class=\"wpb_column vc_column_container vc_col-sm-12  col-xs-mobile-fullwidth pofo-column-responsive-6a046c7e08bb2\"><div class=\"vc_column-inner \"><div class=\"wpb_wrapper\"><h5 class=\"text-extra-dark-gray margin-20px-bottom font-weight-600 display-inline-block alt-font heading-style2  heading-2\"  style=\"font-weight: 700; color: #ffffff;\">Prestamos servi\u00e7os de fotografia de qualidade.<\/h5><span class=\"text-extra-large margin-25px-bottom display-inline-block heading-style3  vc_custom_1684965716027  heading-3\"  style=\"font-weight: 300; color: #b7b7b7;\">Especializados em fotografia de produto, comercial, gastronomia...<\/span><div class=\"last-paragraph-no-margin pofo-text-block-responsive-6a046c7e08cfa\" style=\"width: 90%;\"><p style=\"text-align: left;\"><strong>Acreditamos que uma boa estrat\u00e9gia e uma boa IMAGEM faz diferen\u00e7a na qualidade de qualquer marca!<\/strong><\/p>\n<\/div><a  href=\"https:\/\/avocadocreativestudio.pt\/?page_id=5661\" target=\"_self\" class=\"btn pofo-button-1 button-style7  btn-transparent-dark-gray btn-rounded  btn-small   vc_custom_1684936349550\"  style=\"color:#ffffff; \">Servi\u00e7os<\/a><\/div><\/div><\/div><\/div><\/div><\/div><\/div><div class=\"wpb_column vc_column_container vc_col-has-fill vc_col-sm-6 vc_col-lg-4 vc_col-xs-12 wow fadeIn pofo-column-responsive-6a046c7e08e1e\"><div class=\"vc_column-inner cover-background bg-position-center-center vc_custom_1684937392964\"><div class=\"wpb_wrapper\"><\/div><\/div><\/div><div class=\"wpb_column vc_column_container vc_col-has-fill vc_col-sm-12 vc_col-lg-4 vc_col-xs-12 wow fadeIn\"><div class=\"vc_column-inner vc_custom_1502960414986\"><div class=\"wpb_wrapper\"><div class=\"vc_row wpb_row vc_inner vc_row-fluid  vc_custom_1507622774570 pofo-inner-row-responsive-6a046c7e08f6f\"><div class=\"wpb_column vc_column_container vc_col-sm-12  col-xs-mobile-fullwidth pofo-column-responsive-6a046c7e09065\"><div class=\"vc_column-inner \"><div class=\"wpb_wrapper\"><h5 class=\"text-extra-dark-gray margin-20px-bottom font-weight-600 display-inline-block alt-font heading-style2  vc_custom_1717864260478 pofo-button-responsive-6a046c7e09164  heading-4\"  style=\"font-weight: 500; color: #ffffff;\">O nosso principal objetivo \u00e9 promover cada produto com um prop\u00f3sito!<\/h5><div class=\"last-paragraph-no-margin pofo-text-block-responsive-6a046c7e0919f\" style=\"width: 90%;\"><p style=\"text-align: left;\">Uma boa fotografia \u00e9 o melhor e mais eficaz PROMOTOR DE VENDAS da sua marca<\/p>\n<\/div><\/div><\/div><\/div><\/div><\/div><\/div><\/div><\/section><div class=\"vc_row-full-width vc_clearfix\"><\/div><section data-vc-full-width=\"true\" data-vc-full-width-init=\"false\" data-parallax-background-ratio=\"0\" class=\"vc_row wpb_row vc_row-fluid  vc_custom_1685899916933 wow fadeIn vc_row-has-fill pofo-stretch-content pofo-stretch-row-container parallax\"><div class=\"wpb_column vc_column_container vc_col-sm-12  col-xs-mobile-fullwidth\"><div class=\"vc_column-inner \"><div class=\"wpb_wrapper\"><div class=\"vc_row wpb_row vc_inner vc_row-fluid\"><div class=\"wpb_column vc_column_container vc_col-sm-2 vc_col-lg-3 vc_col-md-3 vc_hidden-xs col-xs-mobile-fullwidth\"><div class=\"vc_column-inner \"><div class=\"wpb_wrapper\"><\/div><\/div><\/div><div class=\"wpb_column vc_column_container vc_col-sm-8 vc_col-lg-6 vc_col-md-6 vc_col-xs-12 text-center pofo-column-responsive-6a046c7e09443\"><div class=\"vc_column-inner vc_custom_1507553386019\"><div class=\"wpb_wrapper\"><h5 class=\"margin-100px-bottom xs-margin-40px-bottom font-weight-600 display-inline-block alt-font text-extra-small text-outside-line text-uppercase heading-style5  heading-5\"  style=\"font-size: 20px; font-weight: 700; color: #ffffff;\" data-fontsize=\"20px\">AVOCADO CREATIVE STUDIO<\/h5><div class=\"last-paragraph-no-margin\" style=\"color: #ffffff;\"><h6 style=\"text-align: center;\">Somos um Est\u00fadio de Fotografia com uma equipa jovem altamente criativa, damos valor a conte\u00fados e imagem que expressem a identidade dos nossos trabalhos, tentamos sempre diversificar e explorar novas formas para garantir que obtemos o melhor resultado a cada projeto que agarramos.<\/h6>\n<\/div><\/div><\/div><\/div><div class=\"wpb_column vc_column_container vc_col-sm-2 vc_col-lg-3 vc_col-md-3 vc_hidden-xs col-xs-mobile-fullwidth\"><div class=\"vc_column-inner \"><div class=\"wpb_wrapper\"><\/div><\/div><\/div><\/div><\/div><\/div><\/div><\/section><div class=\"vc_row-full-width vc_clearfix\"><\/div><section data-vc-full-width=\"true\" data-vc-full-width-init=\"false\" data-vc-stretch-content=\"true\" data-parallax-background-ratio=\"0.7\" class=\"vc_row wpb_row vc_row-fluid  vc_custom_1684937616948 wow fadeIn vc_row-has-fill pofo-stretch-content vc_row-no-padding vc_row-o-equal-height vc_row-o-content-middle vc_row-flex parallax\"><div class=\"wpb_column vc_column_container vc_col-has-fill vc_col-sm-6 vc_col-md-3 col-xs-mobile-fullwidth wow fadeInRight text-center\"><div class=\"vc_column-inner vc_custom_1510208644023\"><div class=\"wpb_wrapper\"><div class=\"featurebox14 pofo-featurebox pofo-feature-box-responsive-6a046c7e097a9 feature-box-14 padding-fifteen-all sm-padding-50px-all xs-padding-30px-all featurebox14-1\"><h2 class=\"text-light-gray alt-font letter-spacing-minus-3 margin-10px-bottom\" style=\"\">01<\/h2><span class=\"display-block alt-font text-medium text-extra-dark-gray margin-10px-bottom xs-margin-5px-bottom\">A conversa com cliente<\/span><div class=\"last-paragraph-no-margin\"><p>Procuramos sempre entender as ideias e espectativas dos nossos clientes.<\/p>\n<\/div><\/div><\/div><\/div><\/div><div class=\"wpb_column vc_column_container vc_col-has-fill vc_col-sm-6 vc_col-md-3 col-xs-mobile-fullwidth wow fadeInRight text-center\" data-wow-delay= 200ms><div class=\"vc_column-inner vc_custom_1510208669977\"><div class=\"wpb_wrapper\"><div class=\"featurebox14 pofo-featurebox pofo-feature-box-responsive-6a046c7e0991e feature-box-14 padding-fifteen-all sm-padding-50px-all xs-padding-30px-all featurebox14-2\"><h2 class=\"text-light-gray alt-font letter-spacing-minus-3 margin-10px-bottom\" style=\"\">02<\/h2><span class=\"display-block alt-font text-medium text-extra-dark-gray margin-10px-bottom xs-margin-5px-bottom\">A ideia inicial<\/span><div class=\"last-paragraph-no-margin\"><p>Encontrar um fluxo de ideias e uma pesquisa consistente, isto permite-nos obter bons resultados no final.<\/p>\n<\/div><\/div><\/div><\/div><\/div><div class=\"wpb_column vc_column_container vc_col-has-fill vc_col-sm-6 vc_col-md-3 col-xs-mobile-fullwidth wow fadeInRight text-center\" data-wow-delay= 400ms><div class=\"vc_column-inner vc_custom_1510208710745\"><div class=\"wpb_wrapper\"><div class=\"featurebox14 pofo-featurebox pofo-feature-box-responsive-6a046c7e09a68 feature-box-14 padding-fifteen-all sm-padding-50px-all xs-padding-30px-all featurebox14-3\"><h2 class=\"text-light-gray alt-font letter-spacing-minus-3 margin-10px-bottom\" style=\"\">03<\/h2><span class=\"display-block alt-font text-medium text-extra-dark-gray margin-10px-bottom xs-margin-5px-bottom\">O work in progress<\/span><div class=\"last-paragraph-no-margin\"><p>Planear e elaborar o processo criativo de captura digital.<\/p>\n<\/div><\/div><\/div><\/div><\/div><div class=\"wpb_column vc_column_container vc_col-sm-6 vc_col-md-3 col-xs-mobile-fullwidth wow fadeInRight text-center\" data-wow-delay= 600ms><div class=\"vc_column-inner \"><div class=\"wpb_wrapper\"><div class=\"featurebox14 pofo-featurebox feature-box-14 padding-fifteen-all sm-padding-50px-all xs-padding-30px-all featurebox14-4\"><h2 class=\"text-light-gray alt-font letter-spacing-minus-3 margin-10px-bottom\" style=\"\">04<\/h2><span class=\"display-block alt-font text-medium text-extra-dark-gray margin-10px-bottom xs-margin-5px-bottom\">O resultado final<\/span><div class=\"last-paragraph-no-margin\"><p>Sele\u00e7\u00e3o rigorosa e P\u00f3s-produ\u00e7\u00e3o das imagens, procurando realizar o melhor resultado.<\/p>\n<\/div><\/div><\/div><\/div><\/div><\/section><div class=\"vc_row-full-width vc_clearfix\"><\/div><section data-vc-full-width=\"true\" data-vc-full-width-init=\"false\" data-vc-parallax-image=\"https:\/\/www.youtube.com\/watch?v=-L8SZC0j8fs&amp;autoplay=1&amp;loop=1&amp;playlist=xxxxxxxx&amp;showinfo=avo\" data-vc-video-bg=\"https:\/\/www.youtube.com\/watch?v=-L8SZC0j8fs&amp;autoplay=1&amp;loop=1&amp;playlist=xxxxxxxx&amp;showinfo=avo\" class=\"vc_row wpb_row vc_row-fluid   wow fadeIn vc_row-has-fill pofo-stretch-content pofo-stretch-row-container pofo-video-wrapper vc_video-bg-container\"><div class=\"bg-extra-dark-gray bg-overlay\" style=\"opacity:0.5; background-color:#000000; \"><\/div><div class=\"wpb_column vc_column_container vc_col-sm-2 vc_col-lg-3 vc_col-md-2 vc_hidden-xs col-xs-mobile-fullwidth\"><div class=\"vc_column-inner \"><div class=\"wpb_wrapper\"><\/div><\/div><\/div><div class=\"wpb_column vc_column_container vc_col-sm-8 vc_col-lg-6 vc_col-md-8 vc_col-xs-12 text-center\"><div class=\"vc_column-inner \"><div class=\"wpb_wrapper\"><a class=\"youtube-video-1  popup-youtube pofo-button-2\" href=\"https:\/\/www.youtube.com\/watch?v=-L8SZC0j8fs\"><img decoding=\"async\" src=\"https:\/\/avocadocreativestudio.pt\/wp-content\/uploads\/2017\/05\/icon-play.png\" alt=\"\" class=\"icon-image\"\/><\/a><h3 class=\"text-extra-dark-gray margin-20px-bottom font-weight-600 display-inline-block alt-font heading-style2  heading-6\"  style=\"color: #ffffff;\">Um pouco do que fazemos<\/h3><\/div><\/div><\/div><div class=\"wpb_column vc_column_container vc_col-sm-2 vc_col-lg-3 vc_col-md-2 vc_hidden-xs col-xs-mobile-fullwidth\"><div class=\"vc_column-inner \"><div class=\"wpb_wrapper\"><\/div><\/div><\/div><\/section><div class=\"vc_row-full-width vc_clearfix\"><\/div><section data-vc-full-width=\"true\" data-vc-full-width-init=\"false\" data-parallax-background-ratio=\"0.5\" class=\"vc_row wpb_row vc_row-fluid   wow fadeIn vc_row-has-fill pofo-stretch-content pofo-stretch-row-container parallax\"><div class=\"wpb_column vc_column_container vc_col-sm-12  col-xs-mobile-fullwidth\"><div class=\"vc_column-inner \"><div class=\"wpb_wrapper\"><div class=\"vc_row wpb_row vc_inner vc_row-fluid\"><div class=\"wpb_column vc_column_container vc_col-sm-2 vc_col-lg-3 vc_col-md-3 vc_hidden-xs col-xs-mobile-fullwidth\"><div class=\"vc_column-inner \"><div class=\"wpb_wrapper\"><\/div><\/div><\/div><div class=\"wpb_column vc_column_container vc_col-sm-8 vc_col-lg-6 vc_col-md-6 vc_col-xs-12 text-center pofo-column-responsive-6a046c7e0a825\"><div class=\"vc_column-inner vc_custom_1507553400907\"><div class=\"wpb_wrapper\"><h5 class=\"text-extra-dark-gray margin-20px-bottom font-weight-600 display-inline-block alt-font text-uppercase heading-style2  heading-7\"  style=\"font-weight: 700;\">OS CRIATIVOS<\/h5><div class=\"last-paragraph-no-margin\"><h6>Trabalho, comunica\u00e7\u00e3o e esp\u00edrito de equipa \u00e9 levado com a m\u00e1xima import\u00e2ncia.<\/h6>\n<\/div><\/div><\/div><\/div><div class=\"wpb_column vc_column_container vc_col-sm-2 vc_col-lg-3 vc_col-md-3 vc_hidden-xs col-xs-mobile-fullwidth\"><div class=\"vc_column-inner \"><div class=\"wpb_wrapper\"><\/div><\/div><\/div><\/div><div class=\"vc_row wpb_row vc_inner vc_row-fluid   vc_row-o-equal-height vc_row-o-content-middle vc_row-flex position-relative\"><div class=\"wpb_column vc_column_container vc_col-sm-2  col-xs-mobile-fullwidth\"><div class=\"vc_column-inner \"><div class=\"wpb_wrapper\"><\/div><\/div><\/div><div class=\"wpb_column vc_column_container vc_col-sm-4  col-xs-mobile-fullwidth wow fadeInUp text-center\"><div class=\"vc_column-inner \"><div class=\"wpb_wrapper\"><div class=\"team-1 team-block team-style-1 team1-0\"><figure><div class=\"team-image xs-width-100\"><img fetchpriority=\"high\" decoding=\"async\" src=\"https:\/\/avocadocreativestudio.pt\/wp-content\/uploads\/2023\/05\/800X700.jpg\" width=\"700\" height=\"900\"  alt=\"\" srcset=\"https:\/\/avocadocreativestudio.pt\/wp-content\/uploads\/2023\/05\/800X700.jpg 700w, https:\/\/avocadocreativestudio.pt\/wp-content\/uploads\/2023\/05\/800X700-233x300.jpg 233w, https:\/\/avocadocreativestudio.pt\/wp-content\/uploads\/2023\/05\/800X700-600x771.jpg 600w, https:\/\/avocadocreativestudio.pt\/wp-content\/uploads\/2023\/05\/800X700-120x154.jpg 120w, https:\/\/avocadocreativestudio.pt\/wp-content\/uploads\/2023\/05\/800X700-81x104.jpg 81w\" sizes=\"(max-width: 700px) 100vw, 700px\" \/><div class=\"overlay-content text-center \"><div class=\"display-table height-100 width-100\"><div class=\"display-table-cell icon-social-small vertical-align-middle \"><a class=\"text-white text-white-hover team-social-icon\" href=\"https:\/\/www.facebook.com\/tiagodasilva1990\" target=\"_blank\"><i class=\"fa-brands fa-facebook-f \"><\/i><\/a><a class=\"text-white text-white-hover team-social-icon\" href=\"https:\/\/www.linkedin.com\/in\/tiago-silva-ab106a268\/\" target=\"_blank\"><i class=\"fa-brands fa-linkedin-in \"><\/i><\/a><a class=\"text-white text-white-hover team-social-icon\" href=\"https:\/\/www.instagram.com\/tiagodamm90s\/\" target=\"_blank\"><i class=\"fa-brands fa-instagram \"><\/i><\/a><a class=\"text-white text-white-hover team-social-icon\" href=\"https:\/\/www.behance.net\/avocadocreativeSTU\" target=\"_blank\"><i class=\"fa-brands fa-behance \"><\/i><\/a><a class=\"text-white text-white-hover team-social-icon\" href=\"http:\/\/tiagodasilva1990@gmail.com\"><i class=\"fa-solid fa-envelope \"><\/i><\/a><\/div><\/div><\/div><div class=\"team-overlay bg-deep-pink opacity8\" ><\/div><\/div><figcaption><div class=\"team-member-position margin-20px-top\"><div class=\"font-weight-500 text-extra-dark-gray text-uppercase text-small\">Tiago Silva<\/div><div class=\"text-extra-small text-medium-gray text-uppercase\">Co-founder Avocado*<\/div><\/div><\/figcaption><\/figure><\/div><\/div><\/div><\/div><div class=\"wpb_column vc_column_container vc_col-sm-4 vc_col-md-4 vc_col-xs-12 wow fadeInUp text-center pofo-column-responsive-6a046c7e0b205\"><div class=\"vc_column-inner \"><div class=\"wpb_wrapper\"><div class=\"team-1 team-block team-style-1 team1-0\"><figure><div class=\"team-image xs-width-100\"><img decoding=\"async\" src=\"https:\/\/avocadocreativestudio.pt\/wp-content\/uploads\/2023\/05\/800X700-2.jpg\" width=\"700\" height=\"900\"  alt=\"\" srcset=\"https:\/\/avocadocreativestudio.pt\/wp-content\/uploads\/2023\/05\/800X700-2.jpg 700w, https:\/\/avocadocreativestudio.pt\/wp-content\/uploads\/2023\/05\/800X700-2-233x300.jpg 233w, https:\/\/avocadocreativestudio.pt\/wp-content\/uploads\/2023\/05\/800X700-2-600x771.jpg 600w, https:\/\/avocadocreativestudio.pt\/wp-content\/uploads\/2023\/05\/800X700-2-120x154.jpg 120w, https:\/\/avocadocreativestudio.pt\/wp-content\/uploads\/2023\/05\/800X700-2-81x104.jpg 81w\" sizes=\"(max-width: 700px) 100vw, 700px\" \/><div class=\"overlay-content text-center \"><div class=\"display-table height-100 width-100\"><div class=\"display-table-cell icon-social-small vertical-align-middle \"><a class=\"text-white text-white-hover team-social-icon\" href=\"https:\/\/www.facebook.com\/liliana.placido.fotografia\/\" target=\"_blank\"><i class=\"fa-brands fa-facebook-f \"><\/i><\/a><a class=\"text-white text-white-hover team-social-icon\" href=\"https:\/\/www.linkedin.com\/in\/liliana-pl%C3%A1cido-8848aa144\/\" target=\"_blank\"><i class=\"fa-brands fa-linkedin-in \"><\/i><\/a><a class=\"text-white text-white-hover team-social-icon\" href=\"https:\/\/www.instagram.com\/lilianaplacidofotografia\/\" target=\"_blank\"><i class=\"fa-brands fa-instagram \"><\/i><\/a><a class=\"text-white text-white-hover team-social-icon\" href=\"http:\/\/lilianaplacido89@gmail.com\"><i class=\"fa-solid fa-envelope \"><\/i><\/a><\/div><\/div><\/div><div class=\"team-overlay bg-deep-pink opacity8\" ><\/div><\/div><figcaption><div class=\"team-member-position margin-20px-top\"><div class=\"font-weight-500 text-extra-dark-gray text-uppercase text-small\">Liliana Pl\u00e1cido<\/div><div class=\"text-extra-small text-medium-gray text-uppercase\">Co-founder Avocado*<\/div><\/div><\/figcaption><\/figure><\/div><\/div><\/div><\/div><\/div><\/div><\/div><\/div><\/section><div class=\"vc_row-full-width vc_clearfix\"><\/div><section data-vc-full-width=\"true\" data-vc-full-width-init=\"false\" data-vc-stretch-content=\"true\" class=\"vc_row wpb_row vc_row-fluid  vc_custom_1507552553362 vc_row-has-fill pofo-stretch-content vc_row-no-padding\"><div class=\"wpb_column vc_column_container vc_hidden-lg vc_hidden-md vc_hidden-sm vc_hidden-xs col-xs-mobile-fullwidth\"><div class=\"vc_column-inner \"><div class=\"wpb_wrapper\"><h5 class=\"text-extra-dark-gray margin-20px-bottom font-weight-600 display-inline-block alt-font text-uppercase heading-style2  heading-8\"  style=\"font-weight: 700;\">Clientes<\/h5><\/div><\/div><\/div><div class=\"wpb_column vc_column_container vc_col-sm-6 vc_hidden-lg vc_col-md-2 vc_hidden-md vc_hidden-sm vc_hidden-xs col-xs-mobile-fullwidth wow fadeInRight text-center\" data-wow-delay= 400ms><div class=\"vc_column-inner vc_custom_1684968125983\"><div class=\"wpb_wrapper\">[vc_single_image image=&#8221;23215&#8243; img_size=&#8221;full&#8221; alignment=&#8221;center&#8221; onclick=&#8221;custom_link&#8221; img_link_target=&#8221;_blank&#8221; link=&#8221;https:\/\/wordpress.com&#8221;]<\/div><\/div><\/div><div class=\"wpb_column vc_column_container vc_col-sm-6 vc_hidden-lg vc_col-md-2 vc_hidden-sm vc_hidden-xs col-xs-mobile-fullwidth wow fadeInRight text-center\" data-wow-delay= 600ms><div class=\"vc_column-inner vc_custom_1684968135790\"><div class=\"wpb_wrapper\">[vc_single_image image=&#8221;23216&#8243; img_size=&#8221;full&#8221; alignment=&#8221;center&#8221; onclick=&#8221;custom_link&#8221; img_link_target=&#8221;_blank&#8221; link=&#8221;https:\/\/magento.com&#8221;]<\/div><\/div><\/div><div class=\"wpb_column vc_column_container vc_col-sm-6 vc_hidden-lg vc_col-md-2 vc_hidden-md vc_hidden-sm vc_hidden-xs col-xs-mobile-fullwidth wow fadeInRight text-center\" data-wow-delay= 800ms><div class=\"vc_column-inner vc_custom_1684968150612\"><div class=\"wpb_wrapper\">[vc_single_image image=&#8221;23218&#8243; img_size=&#8221;full&#8221; alignment=&#8221;center&#8221; onclick=&#8221;custom_link&#8221; img_link_target=&#8221;_blank&#8221; link=&#8221;https:\/\/www.pingdom.com&#8221;]<\/div><\/div><\/div><div class=\"wpb_column vc_column_container vc_col-sm-6 vc_col-md-2 col-xs-mobile-fullwidth wow fadeInRight text-center\"><div class=\"vc_column-inner vc_custom_1507617445503\"><div class=\"wpb_wrapper\">[vc_single_image image=&#8221;22937&#8243; img_size=&#8221;full&#8221; alignment=&#8221;center&#8221; onclick=&#8221;custom_link&#8221; img_link_target=&#8221;_blank&#8221; link=&#8221;https:\/\/avocadocreativestudio.pt\/&#8221;]<\/div><\/div><\/div><div class=\"wpb_column vc_column_container vc_col-sm-6 vc_hidden-lg vc_col-md-2 vc_hidden-md vc_hidden-sm vc_hidden-xs col-xs-mobile-fullwidth wow fadeInRight text-center\" data-wow-delay= 1000ms><div class=\"vc_column-inner vc_custom_1684968160124\"><div class=\"wpb_wrapper\">[vc_single_image image=&#8221;23217&#8243; img_size=&#8221;full&#8221; alignment=&#8221;center&#8221; onclick=&#8221;custom_link&#8221; img_link_target=&#8221;_blank&#8221; link=&#8221;https:\/\/www.google.com&#8221;]<\/div><\/div><\/div><div class=\"wpb_column vc_column_container vc_col-sm-6 vc_hidden-lg vc_col-md-2 vc_hidden-md vc_hidden-sm vc_hidden-xs col-xs-mobile-fullwidth wow fadeInRight text-center\" data-wow-delay= 200ms><div class=\"vc_column-inner vc_custom_1684968172419\"><div class=\"wpb_wrapper\">[vc_single_image image=&#8221;22937&#8243; img_size=&#8221;full&#8221; alignment=&#8221;center&#8221; onclick=&#8221;custom_link&#8221; img_link_target=&#8221;_blank&#8221; link=&#8221;https:\/\/woocommerce.com&#8221;]<\/div><\/div><\/div><\/section><div class=\"vc_row-full-width vc_clearfix\"><\/div>\n<\/div>","protected":false},"excerpt":{"rendered":"A nossa cultura...01InovarNunca abdicamos do conhecimento e novas t\u00e9cnicas nos nossos projetos. 02PotencializarCriatividade, inspira\u00e7\u00e3o e objetivo! 3 Pilares importantes no nosso trabalho. Prestamos servi\u00e7os de fotografia de qualidade.Especializados em fotografia de produto, comercial, gastronomia...Acreditamos que uma boa estrat\u00e9gia e uma boa IMAGEM faz diferen\u00e7a na qualidade de qualquer marca! Servi\u00e7osO nosso principal objetivo \u00e9 promover cada produto com um prop\u00f3sito!Uma boa fotografia \u00e9 o melhor e mais eficaz PROMOTOR DE VENDAS da sua marca AVOCADO CREATIVE STUDIOSomos um Est\u00fadio de Fotografia com uma equipa jovem altamente criativa, damos valor a conte\u00fados e imagem que expressem a identidade dos nossos trabalhos, tentamos sempre diversificar e explorar novas formas para garantir que obtemos o melhor resultado a cada projeto que agarramos. 01A conversa com clienteProcuramos sempre entender as ideias e espectativas dos nossos clientes. 02A ideia inicialEncontrar um fluxo de ideias e uma pesquisa consistente, isto permite-nos obter bons resultados no final. 03O work in progressPlanear e elaborar o processo criativo de captura digital. 04O resultado finalSele\u00e7\u00e3o rigorosa e P\u00f3s-produ\u00e7\u00e3o das imagens, procurando realizar o melhor resultado. Um pouco do que fazemosOS CRIATIVOSTrabalho, comunica\u00e7\u00e3o e esp\u00edrito de equipa \u00e9 levado com a m\u00e1xima import\u00e2ncia. Tiago SilvaCo-founder Avocado*Liliana Pl\u00e1cidoCo-founder Avocado*Clientes[vc_single_image image=\"23215\" img_size=\"full\" alignment=\"center\"...","protected":false},"author":1,"featured_media":0,"parent":0,"menu_order":0,"comment_status":"closed","ping_status":"closed","template":"","meta":{"_monsterinsights_skip_tracking":false,"_monsterinsights_sitenote_active":false,"_monsterinsights_sitenote_note":"","_monsterinsights_sitenote_category":0,"footnotes":""},"aioseo_notices":[],"_links":{"self":[{"href":"https:\/\/avocadocreativestudio.pt\/index.php?rest_route=\/wp\/v2\/pages\/22118"}],"collection":[{"href":"https:\/\/avocadocreativestudio.pt\/index.php?rest_route=\/wp\/v2\/pages"}],"about":[{"href":"https:\/\/avocadocreativestudio.pt\/index.php?rest_route=\/wp\/v2\/types\/page"}],"author":[{"embeddable":true,"href":"https:\/\/avocadocreativestudio.pt\/index.php?rest_route=\/wp\/v2\/users\/1"}],"replies":[{"embeddable":true,"href":"https:\/\/avocadocreativestudio.pt\/index.php?rest_route=%2Fwp%2Fv2%2Fcomments&post=22118"}],"version-history":[{"count":81,"href":"https:\/\/avocadocreativestudio.pt\/index.php?rest_route=\/wp\/v2\/pages\/22118\/revisions"}],"predecessor-version":[{"id":23840,"href":"https:\/\/avocadocreativestudio.pt\/index.php?rest_route=\/wp\/v2\/pages\/22118\/revisions\/23840"}],"wp:attachment":[{"href":"https:\/\/avocadocreativestudio.pt\/index.php?rest_route=%2Fwp%2Fv2%2Fmedia&parent=22118"}],"curies":[{"name":"wp","href":"https:\/\/api.w.org\/{rel}","templated":true}]}}