{"id":5572,"date":"2023-05-22T10:09:49","date_gmt":"2023-05-22T10:09:49","guid":{"rendered":"https:\/\/pofo.themezaa.com\/?page_id=5572"},"modified":"2023-06-04T18:03:40","modified_gmt":"2023-06-04T18:03:40","slug":"contactos","status":"publish","type":"page","link":"https:\/\/avocadocreativestudio.pt\/?page_id=5572","title":{"rendered":"Contactos"},"content":{"rendered":"<div class=\"wpb-content-wrapper\"><section data-vc-full-width=\"true\" data-vc-full-width-init=\"false\" class=\"vc_row wpb_row vc_row-fluid big-section  wow fadeIn pofo-stretch-content pofo-stretch-row-container pofo-row-responsive-6a046c47a4752\"><div class=\"wpb_column vc_column_container vc_col-md-2 vc_hidden-sm col-xs-mobile-fullwidth\"><div class=\"vc_column-inner \"><div class=\"wpb_wrapper\"><\/div><\/div><\/div><div class=\"wpb_column vc_column_container vc_col-sm-12 vc_col-md-8 vc_col-xs-12 text-center\"><div class=\"vc_column-inner \"><div class=\"wpb_wrapper\"><span class=\"margin-100px-bottom xs-margin-40px-bottom font-weight-600 display-inline-block alt-font text-extra-small text-outside-line text-uppercase heading-style5  heading-1\"  style=\"font-size: 15px;\" data-fontsize=\"15px\">S\u00edtio certo para come\u00e7ar o teu projeto!<\/span><div class=\" vc_custom_1684625843632 last-paragraph-no-margin pofo-text-block-responsive-6a046c47a48fc\" style=\"width: 100%;\"><h6 style=\"text-align: center;\">Se achas que trabalhar connosco \u00e9 o caminho certo n\u00e3o hesites! Abaixo tens todo que precisas para te podermos ajudar.<\/h6>\n<\/div><a  href=\"#start-your-project\" target=\"_self\" class=\"btn section-link pofo-button-1 button-style3  btn-transparent-black  btn-large  vc_custom_1684621754510\" >Come\u00e7e hoje o seu projecto<\/a><\/div><\/div><\/div><div class=\"wpb_column vc_column_container vc_col-md-2 vc_hidden-sm col-xs-mobile-fullwidth\"><div class=\"vc_column-inner \"><div class=\"wpb_wrapper\"><\/div><\/div><\/div><\/section><div class=\"vc_row-full-width vc_clearfix\"><\/div><section data-vc-full-width=\"true\" data-vc-full-width-init=\"false\" data-vc-stretch-content=\"true\" class=\"vc_row wpb_row vc_row-fluid  vc_custom_1507617627495 wow fadeIn pofo-stretch-content vc_row-o-equal-height vc_row-o-content-middle vc_row-flex\"><div class=\"wpb_column vc_column_container vc_col-has-fill vc_col-sm-12 vc_col-md-6 vc_col-xs-12 wow fadeInLeft pofo-column-responsive-6a046c47a4b0d\"><div class=\"vc_column-inner cover-background bg-position-center-center vc_custom_1684622279498\"><div class=\"wpb_wrapper\"><\/div><\/div><\/div><div class=\"wpb_column vc_column_container vc_col-sm-12 vc_col-md-6 vc_col-xs-12 wow fadeInRight\"><div class=\"vc_column-inner \"><div class=\"wpb_wrapper\"><div class=\"vc_row wpb_row vc_inner vc_row-fluid   vc_row-o-equal-height vc_row-o-content-middle vc_row-flex\"><div class=\"wpb_column vc_column_container vc_col-has-fill vc_col-sm-6 vc_col-md-6 vc_col-xs-12 wow fadeIn text-center\"><div class=\"vc_column-inner vc_custom_1507618719859\" style=\"min-height: 350px;\"><div class=\"wpb_wrapper\"><div class=\"featurebox21 pofo-featurebox featurebox21-1\" ><div class=\"display-inline-block margin-25px-bottom sm-margin-15px-bottom xs-margin-10px-bottom\"><i class=\"link-icon display-block icon-map icon-medium\"><\/i><\/div><span class=\"text-extra-dark-gray display-inline-block width-100 text-small font-weight-600 alt-font margin-5px-bottom\" style=\"font-size: 14px; line-height: 24px; color: #ffffff;\" data-fontsize=\"14px\" data-lineheight=\"24px\">MORADA<\/span><div class=\"xs-margin-10px-bottom center-col last-paragraph-no-margin width-60 md-width-80\"><p class=\"center-col text-medium\"><span style=\"color: #ff214f;\"><strong>RIO MAIOR &#8211; SANTAR\u00c9M<\/strong><\/span><\/p>\n<\/div><\/div><\/div><\/div><\/div><div class=\"wpb_column vc_column_container vc_col-has-fill vc_col-sm-6 vc_col-md-6 vc_col-xs-12 wow fadeIn text-center\"><div class=\"vc_column-inner vc_custom_1507618727708\" style=\"min-height: 350px;\"><div class=\"wpb_wrapper\"><div class=\"featurebox21 pofo-featurebox featurebox21-2\" ><div class=\"display-inline-block margin-25px-bottom sm-margin-15px-bottom xs-margin-10px-bottom\"><i class=\"link-icon display-block icon-chat icon-medium\"><\/i><\/div><span class=\"text-extra-dark-gray display-inline-block width-100 text-small font-weight-600 alt-font margin-5px-bottom\" style=\"font-size: 15px; line-height: 24px; color: #ffffff;\" data-fontsize=\"15px\" data-lineheight=\"24px\">CONTACTOS<\/span><div class=\"xs-margin-10px-bottom center-col last-paragraph-no-margin width-60 md-width-80\"><p class=\"elementor-icon-box-description\"><span style=\"color: #ff214f;\"><strong>Liliana Pl\u00e1cido: +351 918 465 616<\/strong><\/span><br \/>\n<span style=\"color: #ff214f;\"><strong>Tiago Silva : +351 915 731 168<\/strong><\/span><\/p>\n<\/div><\/div><\/div><\/div><\/div><div class=\"wpb_column vc_column_container vc_col-has-fill vc_col-sm-6 vc_col-md-6 vc_col-xs-12 wow fadeIn text-center\"><div class=\"vc_column-inner vc_custom_1507618735252\" style=\"min-height: 350px;\"><div class=\"wpb_wrapper\"><div class=\"featurebox21 pofo-featurebox featurebox21-3\" ><div class=\"display-inline-block margin-25px-bottom sm-margin-15px-bottom xs-margin-10px-bottom\"><i class=\"link-icon display-block icon-envelope icon-medium\"><\/i><\/div><span class=\"text-extra-dark-gray display-inline-block width-100 text-small font-weight-600 alt-font margin-5px-bottom\" style=\"font-size: 14px; line-height: 24px; color: #ffffff;\" data-fontsize=\"14px\" data-lineheight=\"24px\">EMAIL<\/span><div class=\"xs-margin-10px-bottom center-col last-paragraph-no-margin width-60 md-width-80\"><p class=\"center-col text-medium no-margin\"><span style=\"color: #ff214f;\"><strong><a style=\"color: #ff214f;\" href=\"mailto:info@domain.com\">geral.avocadocreativestudio@gmail.com<\/a><\/strong><\/span><\/p>\n<\/div><\/div><\/div><\/div><\/div><div class=\"wpb_column vc_column_container vc_col-has-fill vc_col-sm-6 vc_col-md-6 vc_col-xs-12 wow fadeIn text-center\"><div class=\"vc_column-inner vc_custom_1507618744625\" style=\"min-height: 350px;\"><div class=\"wpb_wrapper\"><div class=\"featurebox21 pofo-featurebox featurebox21-4\" ><div class=\"display-inline-block margin-25px-bottom sm-margin-15px-bottom xs-margin-10px-bottom\"><i class=\"link-icon display-block fa-solid fa-rss icon-medium\"><\/i><\/div><span class=\"text-extra-dark-gray display-inline-block width-100 text-small font-weight-600 alt-font margin-5px-bottom\" style=\"font-size: 14px; line-height: 24px; color: #ffffff;\" data-fontsize=\"14px\" data-lineheight=\"24px\">SOCIAL<\/span><div class=\"xs-margin-10px-bottom center-col last-paragraph-no-margin width-60 md-width-80\"><p><span style=\"color: #ff214f;\"><strong><a style=\"color: #ff214f;\" href=\"https:\/\/www.instagram.com\/direct\/t\/340282366841710301244259282213584423716\">Instagram<\/a><\/strong><\/span><\/p>\n<\/div><a class=\"pofo-info-link margin-15px-top xs-no-margin-top display-inline-block text-deep-pink text-small\" target=\"_self\" href=\"https:\/\/api.whatsapp.com\/send\/?phone=351915731168&#038;text&#038;type=phone_number&#038;app_absent=0\">WhatsApp<\/a><\/div><\/div><\/div><\/div><\/div><\/div><\/div><\/div><\/section><div class=\"vc_row-full-width vc_clearfix\"><\/div><section id=\"start-your-project\" data-vc-full-width=\"true\" data-vc-full-width-init=\"false\" class=\"vc_row wpb_row vc_row-fluid   wow fadeIn pofo-stretch-content pofo-stretch-row-container\"><div class=\"wpb_column vc_column_container vc_col-sm-12  col-xs-mobile-fullwidth pofo-column-responsive-6a046c47a518e\"><div class=\"vc_column-inner \"><div class=\"wpb_wrapper\"><div class=\"vc_row wpb_row vc_inner vc_row-fluid\"><div class=\"wpb_column vc_column_container vc_col-sm-2 vc_col-lg-3 vc_col-md-3 vc_hidden-xs col-xs-mobile-fullwidth\"><div class=\"vc_column-inner \"><div class=\"wpb_wrapper\"><\/div><\/div><\/div><div class=\"wpb_column vc_column_container vc_col-sm-8 vc_col-lg-6 vc_col-md-6 vc_col-xs-12 text-center pofo-column-responsive-6a046c47a52cf\"><div class=\"vc_column-inner vc_custom_1509777164556\"><div class=\"wpb_wrapper\"><h5 class=\"text-extra-dark-gray margin-20px-bottom font-weight-600 display-inline-block alt-font text-uppercase heading-style2  heading-2\"  style=\"font-weight: 700;\">Conta-nos sobre a tua ideia<\/h5><div class=\"last-paragraph-no-margin\"><p>Estamos sempre prontos para novos desafios!<\/p>\n<\/div><div class=\"last-paragraph-no-margin\" style=\"color: #ffffff;\"><p>.<\/p>\n<\/div><a  href=\"mailto:geral.avocadocreativestudio@gmail.com\" target=\"_self\" class=\"btn pofo-button-2 button-style5  btn-dark-gray btn-rounded  btn-extra-large\" >Envia-nos um Email<\/a><\/div><\/div><\/div><div class=\"wpb_column vc_column_container vc_col-sm-2 vc_col-lg-3 vc_col-md-3 vc_hidden-xs col-xs-mobile-fullwidth\"><div class=\"vc_column-inner \"><div class=\"wpb_wrapper\"><\/div><\/div><\/div><\/div><\/div><\/div><\/div><\/section><div class=\"vc_row-full-width vc_clearfix\"><\/div><section data-vc-full-width=\"true\" data-vc-full-width-init=\"false\" data-parallax-background-ratio=\"0.5\" class=\"vc_row wpb_row vc_row-fluid  vc_custom_1503400474432 wow fadeIn vc_row-has-fill pofo-stretch-content pofo-stretch-row-container parallax\"><div class=\"wpb_column vc_column_container vc_col-sm-12  col-xs-mobile-fullwidth text-center\"><div class=\"vc_column-inner \"><div class=\"wpb_wrapper\"><span class=\"text-extra-dark-gray margin-20px-bottom font-weight-600 display-inline-block alt-font text-uppercase heading-style2  vc_custom_1684932459840  heading-3\"  style=\"font-size: 16px; line-height: 23px;\" data-fontsize=\"16px\" data-lineheight=\"23px\">As nossas redes<\/span><div  class=\"pofo-social-links social-icon-style-4 social-icon-1\"><ul class=\"large-icon\"><li><a class=\"facebook-f\" href=\"https:\/\/www.facebook.com\/profile.php?id=100086372427847\" target=\"_blank\"><i class=\"fa-brands fa-facebook-f\"><\/i><span><\/span><\/a><\/li><li><a class=\"google-plus-g\" href=\"https:\/\/www.google.com\/search?q=avocado+creative+studio+rio+maior&#038;sxsrf=APwXEdc_YTV-gobMnHtP37TbVNwbCniNpA%3A1685019706187&#038;ei=OlxvZKL6CqinkdUPvdOe2AQ&#038;ved=0ahUKEwii_5rIw5D_AhWoU6QEHb2pB0sQ4dUDCBA&#038;uact=5&#038;oq=avocado+creative+studio+rio+maior&#038;gs_lcp=Cgxnd3Mtd2l6LXNlcnAQAzIFCAAQogQyBQgAEKIEMgUIABCiBDIFCAAQogQ6BwgjELADECc6CggAEEcQ1gQQsAM6BAgjECc6BggAEBYQHjoFCCEQoAE6CAghEBYQHhAdOgQIIRAVSgQIQRgAUI4PWNweYNcfaAFwAXgAgAHBAYgBgwqSAQQwLjEwmAEAoAEBwAEByAED&#038;sclient=gws-wiz-serp\" target=\"_blank\"><i class=\"fa-brands fa-google-plus-g\"><\/i><span><\/span><\/a><\/li><li><a class=\"instagram\" href=\"https:\/\/www.instagram.com\/avocadocreativestudio\/\" target=\"_blank\"><i class=\"fa-brands fa-instagram\"><\/i><span><\/span><\/a><\/li><li><a class=\"behance\" href=\"https:\/\/www.behance.net\/avocadocreativeSTU\" target=\"_blank\"><i class=\"fa-brands fa-behance\"><\/i><span><\/span><\/a><\/li><li><a class=\"envelope\" href=\"http:\/\/geral.avocadocreativestudio@gmail.com\"><i class=\"fa-solid fa-envelope\"><\/i><span><\/span><\/a><\/li><a href=\"https:\/\/634ed702218ca.cardpage.net\/\">\ud83d\udcc4<\/a><\/ul><\/div><\/div><\/div><\/div><\/section><div class=\"vc_row-full-width vc_clearfix\"><\/div>\n<\/div>","protected":false},"excerpt":{"rendered":"S\u00edtio certo para come\u00e7ar o teu projeto!Se achas que trabalhar connosco \u00e9 o caminho certo n\u00e3o hesites! Abaixo tens todo que precisas para te podermos ajudar. Come\u00e7e hoje o seu projectoMORADARIO MAIOR - SANTAR\u00c9M CONTACTOSLiliana Pl\u00e1cido: +351 918 465 616 Tiago Silva : +351 915 731 168 EMAILgeral.avocadocreativestudio@gmail.com SOCIALInstagram WhatsAppConta-nos sobre a tua ideiaEstamos sempre prontos para novos desafios! . Envia-nos um EmailAs nossas redes\ud83d\udcc4","protected":false},"author":1,"featured_media":0,"parent":0,"menu_order":0,"comment_status":"closed","ping_status":"closed","template":"","meta":{"_monsterinsights_skip_tracking":false,"_monsterinsights_sitenote_active":false,"_monsterinsights_sitenote_note":"","_monsterinsights_sitenote_category":0,"footnotes":""},"aioseo_notices":[],"_links":{"self":[{"href":"https:\/\/avocadocreativestudio.pt\/index.php?rest_route=\/wp\/v2\/pages\/5572"}],"collection":[{"href":"https:\/\/avocadocreativestudio.pt\/index.php?rest_route=\/wp\/v2\/pages"}],"about":[{"href":"https:\/\/avocadocreativestudio.pt\/index.php?rest_route=\/wp\/v2\/types\/page"}],"author":[{"embeddable":true,"href":"https:\/\/avocadocreativestudio.pt\/index.php?rest_route=\/wp\/v2\/users\/1"}],"replies":[{"embeddable":true,"href":"https:\/\/avocadocreativestudio.pt\/index.php?rest_route=%2Fwp%2Fv2%2Fcomments&post=5572"}],"version-history":[{"count":80,"href":"https:\/\/avocadocreativestudio.pt\/index.php?rest_route=\/wp\/v2\/pages\/5572\/revisions"}],"predecessor-version":[{"id":23572,"href":"https:\/\/avocadocreativestudio.pt\/index.php?rest_route=\/wp\/v2\/pages\/5572\/revisions\/23572"}],"wp:attachment":[{"href":"https:\/\/avocadocreativestudio.pt\/index.php?rest_route=%2Fwp%2Fv2%2Fmedia&parent=5572"}],"curies":[{"name":"wp","href":"https:\/\/api.w.org\/{rel}","templated":true}]}}