{"id":5661,"date":"2023-05-22T10:30:34","date_gmt":"2023-05-22T10:30:34","guid":{"rendered":"https:\/\/pofo.themezaa.com\/?page_id=5661"},"modified":"2023-06-04T18:00:56","modified_gmt":"2023-06-04T18:00:56","slug":"servicos-avo","status":"publish","type":"page","link":"https:\/\/avocadocreativestudio.pt\/?page_id=5661","title":{"rendered":"Servi\u00e7os"},"content":{"rendered":"<div class=\"wpb-content-wrapper\"><section data-vc-full-width=\"true\" data-vc-full-width-init=\"false\" data-vc-stretch-content=\"true\" data-parallax-background-ratio=\"0\" class=\"vc_row wpb_row vc_row-fluid  vc_custom_1685899602501 vc_row-has-fill pofo-stretch-content vc_row-no-padding vc_row-o-content-bottom vc_row-flex parallax pofo-row-responsive-6a046c5a1dee2\" style=\"min-height: 700px;\"><div class=\"wpb_column vc_column_container vc_col-sm-12  col-xs-mobile-fullwidth pofo-column-responsive-6a046c5a1df54\"><div class=\"vc_column-inner vc_custom_1685898827356\"><div class=\"wpb_wrapper\"><div class=\"last-paragraph-no-margin\"><p><a class=\"text-extra-large alt-font text-extra-dark-gray bg-white parallax-title no-margin-bottom\" href=\"https:\/\/avocadocreativestudio.pt\/?page_id=5629\/?filter=Comercial\">FOTOGRAFIA PRODUTO<\/a><\/p>\n<\/div><a  href=\"https:\/\/avocadocreativestudio.pt\/?page_id=5629\/?filter=Produto\" target=\"_self\" class=\"btn pofo-button-1 button-style1  btn-dark-gray  btn-very-small   vc_custom_1685890091544\"  style=\"border-color:#c1c1c1; \">VER PORTF\u00d3LIO<\/a><\/div><\/div><\/div><\/section><div class=\"vc_row-full-width vc_clearfix\"><\/div><section data-vc-full-width=\"true\" data-vc-full-width-init=\"false\" data-vc-stretch-content=\"true\" data-parallax-background-ratio=\"0\" class=\"vc_row wpb_row vc_row-fluid  vc_custom_1685899724550 vc_row-has-fill pofo-stretch-content vc_row-no-padding vc_row-o-content-bottom vc_row-flex parallax pofo-row-responsive-6a046c5a1e04e\" style=\"min-height: 700px;\"><div class=\"wpb_column vc_column_container vc_col-sm-12  col-xs-mobile-fullwidth pofo-column-responsive-6a046c5a1e09b\"><div class=\"vc_column-inner vc_custom_1507629124014\"><div class=\"wpb_wrapper\"><div class=\"last-paragraph-no-margin\"><p><a class=\"text-extra-large alt-font text-extra-dark-gray bg-white parallax-title no-margin-bottom\" href=\"https:\/\/avocadocreativestudio.pt\/?page_id=5629\/?filter=Comercial\">FOTOGRAFIA COMERCIAL<\/a><\/p>\n<\/div><a  href=\"https:\/\/avocadocreativestudio.pt\/?page_id=5629\/?filter=Comercial\" target=\"_self\" class=\"btn pofo-button-2 button-style1  btn-dark-gray  btn-very-small   vc_custom_1684927269341\"  style=\"border-color:#000000; \">VER PORTF\u00d3LIO<\/a><\/div><\/div><\/div><\/section><div class=\"vc_row-full-width vc_clearfix\"><\/div><section data-vc-full-width=\"true\" data-vc-full-width-init=\"false\" data-vc-stretch-content=\"true\" data-parallax-background-ratio=\"0\" class=\"vc_row wpb_row vc_row-fluid  vc_custom_1685899639095 vc_row-has-fill pofo-stretch-content vc_row-no-padding vc_row-o-content-bottom vc_row-flex parallax pofo-row-responsive-6a046c5a1e179\" style=\"min-height: 700px;\"><div class=\"wpb_column vc_column_container vc_col-sm-12  col-xs-mobile-fullwidth pofo-column-responsive-6a046c5a1e1c7\"><div class=\"vc_column-inner vc_custom_1507629124014\"><div class=\"wpb_wrapper\"><div class=\"last-paragraph-no-margin\"><p><a class=\"text-extra-large alt-font text-extra-dark-gray bg-white parallax-title no-margin-bottom\" href=\"https:\/\/avocadocreativestudio.pt\/?page_id=5629\/?filter=Comercial\">FOTOGRAFIA GASTRONOMIA\u00a0<\/a><\/p>\n<\/div><a  href=\"https:\/\/avocadocreativestudio.pt\/?page_id=5629\/?filter=Comercial\" target=\"_self\" class=\"btn pofo-button-3 button-style1  btn-dark-gray  btn-very-small   vc_custom_1684927269341\"  style=\"border-color:#000000; \">VER PORTF\u00d3LIO<\/a><\/div><\/div><\/div><\/section><div class=\"vc_row-full-width vc_clearfix\"><\/div><section data-vc-full-width=\"true\" data-vc-full-width-init=\"false\" data-vc-stretch-content=\"true\" data-parallax-background-ratio=\"0\" class=\"vc_row wpb_row vc_row-fluid  vc_custom_1685899645440 vc_row-has-fill pofo-stretch-content vc_row-no-padding vc_row-o-content-bottom vc_row-flex parallax pofo-row-responsive-6a046c5a1e28a\" style=\"min-height: 700px;\"><div class=\"wpb_column vc_column_container vc_col-sm-12  col-xs-mobile-fullwidth pofo-column-responsive-6a046c5a1e2d4\"><div class=\"vc_column-inner vc_custom_1507629124014\"><div class=\"wpb_wrapper\"><div class=\"last-paragraph-no-margin\"><p><a class=\"text-extra-large alt-font text-extra-dark-gray bg-white parallax-title no-margin-bottom\" href=\"https:\/\/avocadocreativestudio.pt\/?page_id=5629\/?filter=Comercial\">FOTOGRAFIA CORPORATIVA<\/a><\/p>\n<\/div><a  href=\"https:\/\/avocadocreativestudio.pt\/?page_id=5629\/?filter=Comercial\" target=\"_self\" class=\"btn pofo-button-4 button-style1  btn-dark-gray  btn-very-small   vc_custom_1684927263585\"  style=\"border-color:#c1c1c1; \">VER PORTF\u00d3LIO<\/a><\/div><\/div><\/div><\/section><div class=\"vc_row-full-width vc_clearfix\"><\/div><section data-vc-full-width=\"true\" data-vc-full-width-init=\"false\" data-vc-stretch-content=\"true\" data-parallax-background-ratio=\"0\" class=\"vc_row wpb_row vc_row-fluid  vc_custom_1685899651834 vc_row-has-fill pofo-stretch-content vc_row-no-padding vc_row-o-content-bottom vc_row-flex parallax pofo-row-responsive-6a046c5a1e394\" style=\"min-height: 700px;\"><div class=\"wpb_column vc_column_container vc_col-sm-12  col-xs-mobile-fullwidth pofo-column-responsive-6a046c5a1e3de\"><div class=\"vc_column-inner vc_custom_1507629124014\"><div class=\"wpb_wrapper\"><div class=\"last-paragraph-no-margin\"><p><a class=\"text-extra-large alt-font text-extra-dark-gray bg-white parallax-title no-margin-bottom\" href=\"https:\/\/avocadocreativestudio.pt\/?page_id=5629\/?filter=Comercial\">FOTOGRAFIA IM\u00d3VEIS<\/a><\/p>\n<\/div><a  href=\"https:\/\/avocadocreativestudio.pt\/?page_id=5629\/?filter=Comercial\" target=\"_self\" class=\"btn pofo-button-5 button-style1  btn-dark-gray  btn-very-small   vc_custom_1684965490845\" >VER PORTF\u00d3LIO<\/a><\/div><\/div><\/div><\/section><div class=\"vc_row-full-width vc_clearfix\"><\/div><section data-parallax-background-ratio=\"0.5\" class=\"vc_row wpb_row vc_row-fluid   vc_row-has-fill parallax\"><div class=\"wpb_column vc_column_container vc_col-sm-12  col-xs-mobile-fullwidth text-center md-text-center sm-text-center xs-text-center\"><div class=\"vc_column-inner \"><div class=\"wpb_wrapper\"><div  class=\"pofo-social-links social-icon-style-4 social-icon-1\"><ul class=\"extra-large-icon\"><li><a class=\"facebook-f\" href=\"https:\/\/www.facebook.com\/profile.php?id=100086372427847\" target=\"_blank\"><i class=\"fa-brands fa-facebook-f\"><\/i><span><\/span><\/a><\/li><li><a class=\"instagram\" href=\"https:\/\/www.instagram.com\/avocadocreativestudio\/\" target=\"_blank\"><i class=\"fa-brands fa-instagram\"><\/i><span><\/span><\/a><\/li><li><a class=\"envelope\" href=\"http:\/\/geral.avocadocreativestudio@gmail.com\"><i class=\"fa-solid fa-envelope\"><\/i><span><\/span><\/a><\/li><li><a class=\"behance\" href=\"https:\/\/www.behance.net\/avocadocreativeSTU\" target=\"_blank\"><i class=\"fa-brands fa-behance\"><\/i><span><\/span><\/a><\/li><li><a class=\"google-plus-g\" href=\"https:\/\/www.google.com\/search?q=avocado+creative+studio&#038;oq=avocado+&#038;aqs=chrome.1.69i57j69i59l3j69i60l4.2679j0j4&#038;sourceid=chrome&#038;ie=UTF-8\" target=\"_blank\"><i class=\"fa-brands fa-google-plus-g\"><\/i><span><\/span><\/a><\/li><a href=\"https:\/\/634ed702218ca.cardpage.net\/\">\ud83d\udcc4<\/a><\/ul><\/div>[vc_btn title=&#8221;CONTACTOS&#8221; style=&#8221;gradient&#8221; gradient_color_1=&#8221;peacoc&#8221; gradient_color_2=&#8221;mulled-wine&#8221; size=&#8221;lg&#8221; align=&#8221;center&#8221; i_type=&#8221;entypo&#8221; i_icon_entypo=&#8221;entypo-icon entypo-icon-right-bold&#8221; css_animation=&#8221;appear&#8221; add_icon=&#8221;true&#8221; link=&#8221;url:https%3A%2F%2Favocadocreativestudio.pt%2F%3Fpage_id%3D5572|title:Contactos&#8221;]<\/div><\/div><\/div><\/section>\n<\/div>","protected":false},"excerpt":{"rendered":"FOTOGRAFIA PRODUTO VER PORTF\u00d3LIOFOTOGRAFIA COMERCIAL VER PORTF\u00d3LIOFOTOGRAFIA GASTRONOMIA\u00a0 VER PORTF\u00d3LIOFOTOGRAFIA CORPORATIVA VER PORTF\u00d3LIOFOTOGRAFIA IM\u00d3VEIS VER PORTF\u00d3LIO\ud83d\udcc4[vc_btn title=\"CONTACTOS\" style=\"gradient\" gradient_color_1=\"peacoc\" gradient_color_2=\"mulled-wine\" size=\"lg\" align=\"center\" i_type=\"entypo\" i_icon_entypo=\"entypo-icon entypo-icon-right-bold\" css_animation=\"appear\" add_icon=\"true\" link=\"url:https%3A%2F%2Favocadocreativestudio.pt%2F%3Fpage_id%3D5572|title:Contactos\"]","protected":false},"author":1,"featured_media":0,"parent":0,"menu_order":0,"comment_status":"closed","ping_status":"closed","template":"","meta":{"_monsterinsights_skip_tracking":false,"_monsterinsights_sitenote_active":false,"_monsterinsights_sitenote_note":"","_monsterinsights_sitenote_category":0,"footnotes":""},"aioseo_notices":[],"_links":{"self":[{"href":"https:\/\/avocadocreativestudio.pt\/index.php?rest_route=\/wp\/v2\/pages\/5661"}],"collection":[{"href":"https:\/\/avocadocreativestudio.pt\/index.php?rest_route=\/wp\/v2\/pages"}],"about":[{"href":"https:\/\/avocadocreativestudio.pt\/index.php?rest_route=\/wp\/v2\/types\/page"}],"author":[{"embeddable":true,"href":"https:\/\/avocadocreativestudio.pt\/index.php?rest_route=\/wp\/v2\/users\/1"}],"replies":[{"embeddable":true,"href":"https:\/\/avocadocreativestudio.pt\/index.php?rest_route=%2Fwp%2Fv2%2Fcomments&post=5661"}],"version-history":[{"count":190,"href":"https:\/\/avocadocreativestudio.pt\/index.php?rest_route=\/wp\/v2\/pages\/5661\/revisions"}],"predecessor-version":[{"id":23767,"href":"https:\/\/avocadocreativestudio.pt\/index.php?rest_route=\/wp\/v2\/pages\/5661\/revisions\/23767"}],"wp:attachment":[{"href":"https:\/\/avocadocreativestudio.pt\/index.php?rest_route=%2Fwp%2Fv2%2Fmedia&parent=5661"}],"curies":[{"name":"wp","href":"https:\/\/api.w.org\/{rel}","templated":true}]}}